{"id":132,"date":"2022-09-29T22:09:11","date_gmt":"2022-09-29T22:09:11","guid":{"rendered":"https:\/\/umbriaprivate.com.br\/site\/?page_id=132"},"modified":"2022-10-05T14:56:48","modified_gmt":"2022-10-05T14:56:48","slug":"seguro-nautico","status":"publish","type":"page","link":"https:\/\/umbriaprivate.com.br\/site\/seguro-nautico\/","title":{"rendered":"Seguro N\u00e1utico"},"content":{"rendered":"\n<div class=\"wp-block-media-text alignwide is-stacked-on-mobile\"><figure class=\"wp-block-media-text__media\"><img fetchpriority=\"high\" decoding=\"async\" width=\"650\" height=\"402\" src=\"https:\/\/umbriaprivate.com.br\/site\/wp-content\/uploads\/2022\/09\/nautico.jpg\" alt=\"\" class=\"wp-image-133 size-full\" srcset=\"https:\/\/umbriaprivate.com.br\/site\/wp-content\/uploads\/2022\/09\/nautico.jpg 650w, https:\/\/umbriaprivate.com.br\/site\/wp-content\/uploads\/2022\/09\/nautico-300x186.jpg 300w\" sizes=\"(max-width: 650px) 100vw, 650px\" \/><\/figure><div class=\"wp-block-media-text__content\">\n<h2 class=\"wp-block-heading\">Prote\u00e7\u00e3o para embarca\u00e7\u00f5es em todos o territ\u00f3rio nacional<\/h2>\n\n\n\n<p>\u00c9 o seguro criado especialmente para quem quer aproveitar ao m\u00e1ximo seus momentos de lazer, navegar em \u00e1guas tranquilas e sem turbul\u00eancias, mas que, principalmente, gosta de ir fundo na seguran\u00e7a. O Seguro N\u00e1utico oferece coberturas sob medida para barcos de lazer, jet skis, lanchas, iates ou veleiros.<\/p>\n\n\n\n<p><strong>Solicite uma cota\u00e7\u00e3o, sem compromisso.<\/strong><\/p>\n<\/div><\/div>\n","protected":false},"excerpt":{"rendered":"<p>Prote\u00e7\u00e3o para embarca\u00e7\u00f5es em todos o territ\u00f3rio nacional \u00c9 o seguro criado especialmente para quem quer aproveitar ao m\u00e1ximo seus momentos de lazer, navegar em \u00e1guas tranquilas e sem turbul\u00eancias, mas que, principalmente, gosta de ir fundo na seguran\u00e7a. O Seguro N\u00e1utico oferece coberturas sob medida para barcos de lazer, jet skis, lanchas, iates ou [&hellip;]<\/p>\n","protected":false},"author":1,"featured_media":0,"parent":0,"menu_order":0,"comment_status":"closed","ping_status":"closed","template":"fullwidth-template.php","meta":{"footnotes":""},"class_list":["post-132","page","type-page","status-publish","hentry"],"_links":{"self":[{"href":"https:\/\/umbriaprivate.com.br\/site\/wp-json\/wp\/v2\/pages\/132","targetHints":{"allow":["GET"]}}],"collection":[{"href":"https:\/\/umbriaprivate.com.br\/site\/wp-json\/wp\/v2\/pages"}],"about":[{"href":"https:\/\/umbriaprivate.com.br\/site\/wp-json\/wp\/v2\/types\/page"}],"author":[{"embeddable":true,"href":"https:\/\/umbriaprivate.com.br\/site\/wp-json\/wp\/v2\/users\/1"}],"replies":[{"embeddable":true,"href":"https:\/\/umbriaprivate.com.br\/site\/wp-json\/wp\/v2\/comments?post=132"}],"version-history":[{"count":2,"href":"https:\/\/umbriaprivate.com.br\/site\/wp-json\/wp\/v2\/pages\/132\/revisions"}],"predecessor-version":[{"id":194,"href":"https:\/\/umbriaprivate.com.br\/site\/wp-json\/wp\/v2\/pages\/132\/revisions\/194"}],"wp:attachment":[{"href":"https:\/\/umbriaprivate.com.br\/site\/wp-json\/wp\/v2\/media?parent=132"}],"curies":[{"name":"wp","href":"https:\/\/api.w.org\/{rel}","templated":true}]}}