{"id":135,"date":"2022-09-29T22:10:20","date_gmt":"2022-09-29T22:10:20","guid":{"rendered":"https:\/\/umbriaprivate.com.br\/site\/?page_id=135"},"modified":"2022-10-05T14:57:16","modified_gmt":"2022-10-05T14:57:16","slug":"seguro-pet","status":"publish","type":"page","link":"https:\/\/umbriaprivate.com.br\/site\/seguro-pet\/","title":{"rendered":"Seguro Pet"},"content":{"rendered":"\n<div class=\"wp-block-media-text alignwide is-stacked-on-mobile\"><figure class=\"wp-block-media-text__media\"><img fetchpriority=\"high\" decoding=\"async\" width=\"700\" height=\"620\" src=\"https:\/\/umbriaprivate.com.br\/site\/wp-content\/uploads\/2022\/09\/pet-1.png\" alt=\"\" class=\"wp-image-136 size-full\" srcset=\"https:\/\/umbriaprivate.com.br\/site\/wp-content\/uploads\/2022\/09\/pet-1.png 700w, https:\/\/umbriaprivate.com.br\/site\/wp-content\/uploads\/2022\/09\/pet-1-300x266.png 300w\" sizes=\"(max-width: 700px) 100vw, 700px\" \/><\/figure><div class=\"wp-block-media-text__content\">\n<p>Quem ama, cuida!<\/p>\n\n\n\n<p>A Health for Pet, \u00e9 uma modalidade de seguro que oferece ao seu animal de estima\u00e7\u00e3o acesso aos cuidados b\u00e1sicos como consultas, principais vacinas, atendimento emergencial, exames laboratoriais, entre outros, e ainda pode se estender como um Seguro de Vida.<\/p>\n\n\n\n<p>Desenvolvido por especialistas em planos de sa\u00fade de medicina veterin\u00e1ria o Seguro Pet engloba tudo aquilo que voc\u00ea precisa para proporcionar os cuidados e a tranquilidade que seu pet merece.<\/p>\n\n\n\n<p><strong>Solicite uma cota\u00e7\u00e3o, sem compromisso.<\/strong><\/p>\n<\/div><\/div>\n","protected":false},"excerpt":{"rendered":"<p>Quem ama, cuida! A Health for Pet, \u00e9 uma modalidade de seguro que oferece ao seu animal de estima\u00e7\u00e3o acesso aos cuidados b\u00e1sicos como consultas, principais vacinas, atendimento emergencial, exames laboratoriais, entre outros, e ainda pode se estender como um Seguro de Vida. Desenvolvido por especialistas em planos de sa\u00fade de medicina veterin\u00e1ria o Seguro [&hellip;]<\/p>\n","protected":false},"author":1,"featured_media":0,"parent":0,"menu_order":0,"comment_status":"closed","ping_status":"closed","template":"fullwidth-template.php","meta":{"footnotes":""},"class_list":["post-135","page","type-page","status-publish","hentry"],"_links":{"self":[{"href":"https:\/\/umbriaprivate.com.br\/site\/wp-json\/wp\/v2\/pages\/135","targetHints":{"allow":["GET"]}}],"collection":[{"href":"https:\/\/umbriaprivate.com.br\/site\/wp-json\/wp\/v2\/pages"}],"about":[{"href":"https:\/\/umbriaprivate.com.br\/site\/wp-json\/wp\/v2\/types\/page"}],"author":[{"embeddable":true,"href":"https:\/\/umbriaprivate.com.br\/site\/wp-json\/wp\/v2\/users\/1"}],"replies":[{"embeddable":true,"href":"https:\/\/umbriaprivate.com.br\/site\/wp-json\/wp\/v2\/comments?post=135"}],"version-history":[{"count":2,"href":"https:\/\/umbriaprivate.com.br\/site\/wp-json\/wp\/v2\/pages\/135\/revisions"}],"predecessor-version":[{"id":195,"href":"https:\/\/umbriaprivate.com.br\/site\/wp-json\/wp\/v2\/pages\/135\/revisions\/195"}],"wp:attachment":[{"href":"https:\/\/umbriaprivate.com.br\/site\/wp-json\/wp\/v2\/media?parent=135"}],"curies":[{"name":"wp","href":"https:\/\/api.w.org\/{rel}","templated":true}]}}