{"id":155,"date":"2022-09-29T22:20:48","date_gmt":"2022-09-29T22:20:48","guid":{"rendered":"https:\/\/umbriaprivate.com.br\/site\/?page_id=155"},"modified":"2022-10-05T15:04:31","modified_gmt":"2022-10-05T15:04:31","slug":"seguro-viagem","status":"publish","type":"page","link":"https:\/\/umbriaprivate.com.br\/site\/seguro-viagem\/","title":{"rendered":"Seguro Viagem"},"content":{"rendered":"\n<div class=\"wp-block-media-text alignwide is-stacked-on-mobile\"><figure class=\"wp-block-media-text__media\"><img fetchpriority=\"high\" decoding=\"async\" width=\"650\" height=\"402\" src=\"https:\/\/umbriaprivate.com.br\/site\/wp-content\/uploads\/2022\/09\/viagem.jpg\" alt=\"\" class=\"wp-image-156 size-full\" srcset=\"https:\/\/umbriaprivate.com.br\/site\/wp-content\/uploads\/2022\/09\/viagem.jpg 650w, https:\/\/umbriaprivate.com.br\/site\/wp-content\/uploads\/2022\/09\/viagem-300x186.jpg 300w\" sizes=\"(max-width: 650px) 100vw, 650px\" \/><\/figure><div class=\"wp-block-media-text__content\">\n<h2 class=\"wp-block-heading\">Se preocupe apenas em curtir o seu passeio<\/h2>\n\n\n\n<p>O Seguro Viagem \u00e9 importante para todo viajante garantir a tranquilidade em suas viagens. Evitar imprevistos longe de casa envolvendo acidentes, problemas de sa\u00fade, extravio de bagagem, entre outros, quando estamos viajando \u00e9 o principal motivo para a contrata\u00e7\u00e3o do seguro.<\/p>\n\n\n\n<p>Ele garante aux\u00edlio em territ\u00f3rio nacional e no exterior, sendo obrigat\u00f3rio em alguns pa\u00edses. N\u00e3o tenha dor de cabe\u00e7a e contrate o seu seguro com a Umbria Private.<\/p>\n\n\n\n<p><strong>Solicite uma cota\u00e7\u00e3o, sem compromisso.<\/strong><\/p>\n<\/div><\/div>\n","protected":false},"excerpt":{"rendered":"<p>Se preocupe apenas em curtir o seu passeio O Seguro Viagem \u00e9 importante para todo viajante garantir a tranquilidade em suas viagens. Evitar imprevistos longe de casa envolvendo acidentes, problemas de sa\u00fade, extravio de bagagem, entre outros, quando estamos viajando \u00e9 o principal motivo para a contrata\u00e7\u00e3o do seguro. Ele garante aux\u00edlio em territ\u00f3rio nacional [&hellip;]<\/p>\n","protected":false},"author":1,"featured_media":0,"parent":0,"menu_order":0,"comment_status":"closed","ping_status":"closed","template":"fullwidth-template.php","meta":{"footnotes":""},"class_list":["post-155","page","type-page","status-publish","hentry"],"_links":{"self":[{"href":"https:\/\/umbriaprivate.com.br\/site\/wp-json\/wp\/v2\/pages\/155","targetHints":{"allow":["GET"]}}],"collection":[{"href":"https:\/\/umbriaprivate.com.br\/site\/wp-json\/wp\/v2\/pages"}],"about":[{"href":"https:\/\/umbriaprivate.com.br\/site\/wp-json\/wp\/v2\/types\/page"}],"author":[{"embeddable":true,"href":"https:\/\/umbriaprivate.com.br\/site\/wp-json\/wp\/v2\/users\/1"}],"replies":[{"embeddable":true,"href":"https:\/\/umbriaprivate.com.br\/site\/wp-json\/wp\/v2\/comments?post=155"}],"version-history":[{"count":2,"href":"https:\/\/umbriaprivate.com.br\/site\/wp-json\/wp\/v2\/pages\/155\/revisions"}],"predecessor-version":[{"id":204,"href":"https:\/\/umbriaprivate.com.br\/site\/wp-json\/wp\/v2\/pages\/155\/revisions\/204"}],"wp:attachment":[{"href":"https:\/\/umbriaprivate.com.br\/site\/wp-json\/wp\/v2\/media?parent=155"}],"curies":[{"name":"wp","href":"https:\/\/api.w.org\/{rel}","templated":true}]}}